e f = 7*v + 4*v. Give m(v).
-21
Let y(w) = -6*w - 16*w**2 - 2 + 0*w**2 + 10*w**2. Let b(q) = 3*q**2 + 3*q + 1. Let v(f) = -9*b(f) - 4*y(f). Give v(-3).
-19
Suppose -4*k - 9 - 1 = -3*d, 0 = -d + k + 3. Let u(a) = -7*a**d + 4 - 5 + 5*a**2 + 3*a**2. Calculate u(2).
3
Let n(d) = d**3 + 4*d**2 - 16*d - 52. Let a be n(-5). Let j(f) = -33*f**2 + 32*f**2 + 1 - 3*f + a*f. Determine j(-1).
0
Let f = 149 - 146. Let d(k) = 20*k + 11*k**3 + 2*k**2 - 17*k - 12*k**3 - f. Give d(4).
-23
Let w(u) = -5*u + 60. Suppose -6 = -21*q + 19*q, 3*q + 27 = 3*z. Determine w(z).
0
Suppose 727 - 1933 = 6*m. Let t = m - -197. Let y(i) = -2*i**2 - 3*i. What is y(t)?
-20
Suppose -131*b - 3 = -132*b. Suppose j + 17 = -2*w, -4*j + 7 = -5*w - b. Let t(o) = o**3 + 5*o**2 - 7*o + 8. What is t(w)?
14
Let p = 818 + -815. Let m(h) be the second derivative of -h**4/12 + h**3/3 + h**2 - 3*h. Calculate m(p).
-1
Let k(w) = -w**3 + 4*w**2 + w + 3. Let m be 1*5 - (-1 + 2 + 0). Suppose -4*d + m*p = -3*d + 11, p - 5 = -2*d. Let o be (-8)/(0 + (2 - d)*-2). Calculate k(o).
7
Let w = -489 - -491. Let k(m) = -7*m + m**w + 2 - 1 + m - m. Give k(5).
-9
Suppose 0 = 4*j - 2*j - 4*x + 10, j + 10 = -3*x. Suppose -2*n - 6*n + 128 = 0. Let a(s) = 12 + 11 - n + s. What is a(j)?
0
Let v(r) = 9*r + 96. Suppose -32*q + 5*y - 5 = -28*q, -4*q - y - 47 = 0. Determine v(q).
6
Suppose -91*j = -66*j + 25. Let g(v) = 7*v**3 + v. Give g(j).
-8
Let j(f) = 4*f + 24. Let i be j(-5). Let o(k) = -99*k**2 - 91*k**2 - 4*k + 189*k**2 - i. Suppose 4*z + 19 + 1 = 0. Determine o(z).
-9
Let l(a) = -2*a + 19. Let q = -404 + 717. Let n = q - 305. Give l(n).
3
Let y(z) be the second derivative of 4*z**3 - 189*z**2/2 - 36*z - 7. What is y(8)?
3
Let k(c) = -18*c**2 + 722*c - 722. Let z be k(1). Let d(x) = 3*x - 11. Give d(z).
-65
Let v = 162 + -159. Let f(a) be the first derivative of -a**4/4 + a**3/3 + 3*a**2/2 - a - 12. Determine f(v).
-10
Let q(l) = -35*l - 742. Let c be q(-21). Let a(i) = i**3 + 7*i**2 + i - 7. What is a(c)?
-14
Suppose -i - 3 + 5 = 0. Let h(z) = i*z + 2 - 3*z + 0. Let u be ((-8)/(-304)*118 - 50/475)*-2. Calculate h(u).
8
Let z = -48 + 55. Suppose 0 = -z*v + 86 + 12. Let h(p) = p**2 + p**3 + 6*p**2 + 13 - v*p**2 + 5*p - 6. What is h(6)?
1
Let k(b) = 18*b + 97. Let s be k(-5). Let q(f) = -s - 6*f + 2 + 5 - 1 - 1. Calculate q(-2).
10
Let q(a) = 16*a + 132. Let m(s) = 20*s**2 - 980*s - 8. Let v be m(49). Calculate q(v).
4
Let w(j) = 1 - 5*j - 5 - 13 - 3 - 6. Let r be w(-6). Let g(c) = c**2 + c - 2. What is g(r)?
18
Let y(t) be the third derivative of -t**6/720 - t**5/60 + 37*t**4/12 - 76*t**2. Let c(b) be the second derivative of y(b). Calculate c(-1).
-1
Suppose -18*x + 14*x + 4 = 5*f, 8*x + 32 = 0. Let j(k) be the second derivative of -k**4/12 + k**3/3 - k**2/2 + k. What is j(f)?
-9
Let c(z) = -109354 + 7*z + 5*z + 109351 - z**2 - 7*z + 6*z. Determine c(12).
-15
Let j(s) = -275 - 3*s + 276 + 0*s. Let h(b) = -b**3 + 11*b**2 + 5. Let g be h(11). Suppose 16 = 5*d + 4*q - 5*q, 5*d + g*q = 40. What is j(d)?
-11
Let s(i) be the first derivative of i**3/3 + 8*i**2 + 14*i - 2268. Give s(-14).
-14
Let y(g) = 2*g**2 - 40*g + 112. Let o be y(16). Let k(x) = -14*x - 225. Give k(o).
-1
Let p(i) = -42 - 44 - 39 + 9*i - i**2 - 66 + 182. Suppose g - 4 = -1. Suppose g*m = 14 + 7. Calculate p(m).
5
Let o(d) = 40*d + 394. Let a = -9310 + 9300. Calculate o(a).
-6
Let h(l) = -l**3 - 14*l**2 + 18*l + 54. Let a be h(-15). Let d(v) = -49 - 48 - v**2 - 52 + 139 - a*v. Give d(-10).
-20
Let j(m) = m**2 - 4. Let z = 3443 - 3436. What is j(z)?
45
Suppose -2*c = -4*o - 5*c, -3*c = -2*o + 18. Let f(l) = -l**3 + 3*l**2 - l + 1. Determine f(o).
-2
Suppose 5*r = 4*l - 54, 6*r - 7*r = l. Let b(h) = h**3 + h**2. Let d(w) = 3*w**3 + 9*w**2 + 9*w - 5. Let x(z) = -4*b(z) + d(z). Give x(l).
13
Let r(y) = -y**2 - 19*y - 24. Let c be (-15)/(270/(-12)) - 56/3. Calculate r(c).
-6
Suppose 4*r - 5*j + 42 = 0, -4*j = 17 - 9. Let i(v) = -v**3 - 14*v**2 - 15*v + 11. What is i(r)?
37
Let n(u) = u**3 - 7*u**2 - u + 3. Let r be n(7). Let z(d) = -4*d**2 - 22*d + 6. Let a(c) = -9*c**2 - 51*c + 13. Let j(w) = -6*a(w) + 14*z(w). Determine j(r).
-18
Suppose -2 = 5*w - 3*w. Let q(b) = b**3 - 8*b**2 + 18*b - 21. Let n be q(6). Let d(o) = 1 + 3*o**3 + 6*o - 17*o**3 - n*o + 10*o. Determine d(w).
14
Let s(o) be the third derivative of 29*o**6/120 + o**5/12 + o**4/6 + o**3/6 - 3179*o**2. What is s(-1)?
-27
Let h(q) = 19*q**3 + q**2 + 66*q - 38. Let m(r) = 5*r**3 + 15*r - 9. Let b(p) = -2*h(p) + 9*m(p). Calculate b(2).
49
Let k(u) = -4*u**3 + 3*u**2 - 5. Let x be 15/7 + 10/(-70). Give k(x).
-25
Suppose 0 = -4*u - 2*t - 30, -3*u + 9*t = 6*t + 36. Let p be u - -2 - (-14 - -1). Let g(q) = q**3 - 5*q**2 - 5*q - 8. Determine g(p).
-2
Suppose 0 = 3*y + 6 - 21. Let j(g) be the first derivative of -77 - 3/2*g**2 + 1/3*g**3 + 6*g. Determine j(y).
16
Let h(j) = -j**2 - j - 13. Let m = 43 + -87. Let l = -43 - 1. Let d = l - m. Give h(d).
-13
Let i = 2936 + -2928. Let w(f) = -f**3 + 7*f**2 + 9*f. Calculate w(i).
8
Let l(a) be the third derivative of 1/8*a**4 - 1 + 5*a**2 + 0*a + 0*a**3 - 1/60*a**5. Determine l(-3).
-18
Let k = 69 - 55. Let u = k - 10. Let t(x) be the second derivative of -x**5/20 + x**4/3 - 2*x**3/3 - x**2/2 - 3*x. Determine t(u).
-17
Let j(t) be the second derivative of 0 + 6*t + t**2 + 1/12*t**4 + 1/6*t**3. Suppose 3*l = 2*w + w + 15, -2 = -2*l. Calculate j(w).
14
Let t(b) = -b**3 - 5*b**2 - 3*b + 8. Let w be t(-4). Let k(n) = -6*n - 5. Let q(z) = -z - 1. Let r(y) = 6*k(y) - 34*q(y). Determine r(w).
-4
Suppose -20*i = 5*w - 3*w - 24*i - 40, -3*w = 4*i. Let z(g) be the third derivative of g**5/60 - 13*g**4/24 + 3*g**3/2 + g**2. Calculate z(w).
-31
Let a be ((-15)/5 + ((-15)/(-5))/3)*1. Let g(i) be the first derivative of 2*i**2 + i + 5. Give g(a).
-7
Let x be 0/3 + -3 - 2. Let c(a) be the first derivative of -a**4/4 - 4*a**3/3 + 3*a**2 + 6*a + 642. What is c(x)?
1
Let s(p) = 8*p**2 - 1 + 1 + 24205*p + 24202*p + 3 - 48404*p. Give s(-3).
66
Let n(c) = c**3 - 18*c**2 + 50*c + 118. Let b(p) = -p**3 + 18*p**2 - 42*p - 117. Let x(k) = 5*b(k) + 4*n(k). What is x(17)?
6
Let z(x) = 4*x. Suppose 4*o - 2*o + 3*g = -2, -4*g - 6 = 2*o. Let f(n) = -3*n + 2. Let c(v) = o*f(v) + 4*z(v). Give c(-15).
-5
Let g(k) be the second derivative of k**7/280 + k**6/360 + 187*k**3/6 - 209*k. Let h(a) be the second derivative of g(a). Determine h(-2).
-20
Let p(b) = -17*b + 143. Let d be 315/(-60)*-4 - 12. Give p(d).
-10
Let n(f) = -13*f**3 + 42*f**2 + 9*f + 110. Let i(x) = 17*x**3 - 57*x**2 - 12*x - 147. Let q(h) = 10*i(h) + 13*n(h). Determine q(24).
-112
Suppose j = -a + 12, 3*j + 30 - 46 = 2*a. Let w(q) = -3*q**2 + 13*q + 1. Give w(a).
5
Let k be 1 - (0 - (1 + 2)). Let h(z) = -1 - 2*z + 16*z - 2*z**2 - 6*z - 2*z. What is h(k)?
-9
Let d(z) = z**2 + 8*z. Let w be (-55 - -13)/(-3 - -1). Suppose 5*f + t + w = 0, 3*t + 20 = -4*f - t. Calculate d(f).
-16
Let a = -990 + 980. Let x(y) = y**2 + 10*y - 22. Calculate x(a).
-22
Let t(j) = j**2 + 119 - 289 - 3*j + 138 - 4*j**2 + 4*j**2. Calculate t(0).
-32
Let l(v) be the first derivative of -5*v**3/3 + 5*v**2 - 19*v - 11761. What is l(4)?
-59
Let r(z) = z**2 - 5*z - 4. Let l be r(6). Let g(x) = -117*x + 4341. Let j be g(37). Suppose -j + 4 = -l*a. Let f(b) = -2*b + 6. Determine f(a).
-2
Suppose -33 = -24*b + 135. Let a(s) be the first derivative of -s**2/2 + 8*s + 1. Let f(l) = -1. Let c(p) = a(p) - 5*f(p). Determine c(b).
6
Let m(n) = -3*n - 5. Let v(f) = -23*f - 32. Let z(c) = -15*m(c) + 2*v(c). Let g = -9 + 16. Calculate z(g).
4
Suppose 2*f = y + 13, -4*f - 20 + 2 = 2*y. Let h(v) = v**3 + 12*v**2 + 8*v - 18. Let g be h(y). Let t(a) = -9 - 4 - 9*a + a**2 + g - 8. Give t(10).
4
Let l(u) = -u + 1. Let v(n) = -5*n**3 + n**2 + 4*n + 3. Suppose 7*w + 57 = 50. Let t be v(w). Determine l(t).
-4
Let u(w) = 0 + 12 + 0*w**3 - 17*w**2 - 7*w**3 + 8*w**3 + 14*w - 19*w. Determine u(17).
-73
Let d(p) = -p**2 - 9*p + 3. Let r = 16 + -14. Let l(t) = -59*t**2 + 26*t - 65*t**r - 9 + 126*t**2. Let v(b) = 17*d(b) + 6*l(b). What is v(2)?
-17
Let p(c) be the third derivative of c**5/30 - 5*c**4/24 + 7*c**3/6 - 26981*c**2. Suppose 2*d + 5*o + 21 = 6, -d + 5*o = -30. Calculate p(d).
32
Let j be (4/(-10))/((-1)/(-5)). Let k(l) be the first derivative of l**4/12 - l**3/3 + 43